at are the prime factors of 716?
2, 179
What are the prime factors of 3419?
13, 263
List the prime factors of 23140.
2, 5, 13, 89
List the prime factors of 52257.
3, 17419
List the prime factors of 1167.
3, 389
List the prime factors of 1459.
1459
List the prime factors of 58643.
13, 347
List the prime factors of 6319.
71, 89
List the prime factors of 724.
2, 181
List the prime factors of 38004.
2, 3, 3167
List the prime factors of 3000.
2, 3, 5
List the prime factors of 120378.
2, 3, 20063
List the prime factors of 9618.
2, 3, 7, 229
What are the prime factors of 25741?
25741
What are the prime factors of 2427?
3, 809
List the prime factors of 49127.
13, 3779
List the prime factors of 15839.
47, 337
What are the prime factors of 8045?
5, 1609
What are the prime factors of 1600?
2, 5
What are the prime factors of 15891?
3, 5297
What are the prime factors of 2641?
19, 139
List the prime factors of 63416.
2, 7927
What are the prime factors of 62602?
2, 113, 277
List the prime factors of 10872.
2, 3, 151
What are the prime factors of 363?
3, 11
List the prime factors of 1669.
1669
List the prime factors of 29091.
3, 9697
List the prime factors of 1118.
2, 13, 43
List the prime factors of 60433.
223, 271
List the prime factors of 2041.
13, 157
List the prime factors of 5599.
11, 509
List the prime factors of 1942.
2, 971
What are the prime factors of 196?
2, 7
List the prime factors of 154798.
2, 7, 11057
What are the prime factors of 35956?
2, 89, 101
List the prime factors of 1932.
2, 3, 7, 23
List the prime factors of 1193.
1193
List the prime factors of 1293.
3, 431
What are the prime factors of 16140?
2, 3, 5, 269
List the prime factors of 926.
2, 463
List the prime factors of 1033.
1033
What are the prime factors of 2740?
2, 5, 137
What are the prime factors of 2227?
17, 131
What are the prime factors of 1204?
2, 7, 43
List the prime factors of 172.
2, 43
What are the prime factors of 3256?
2, 11, 37
List the prime factors of 365.
5, 73
What are the prime factors of 4279?
11, 389
List the prime factors of 1329.
3, 443
List the prime factors of 1536.
2, 3
What are the prime factors of 58588?
2, 97, 151
What are the prime factors of 880?
2, 5, 11
What are the prime factors of 2922?
2, 3, 487
What are the prime factors of 1299?
3, 433
What are the prime factors of 665?
5, 7, 19
List the prime factors of 4050.
2, 3, 5
What are the prime factors of 4748?
2, 1187
List the prime factors of 6228.
2, 3, 173
What are the prime factors of 450?
2, 3, 5
List the prime factors of 1687.
7, 241
List the prime factors of 9683.
23, 421
What are the prime factors of 42633?
3, 1579
What are the prime factors of 50190?
2, 3, 5, 7, 239
What are the prime factors of 6421?
6421
List the prime factors of 3794.
2, 7, 271
What are the prime factors of 872?
2, 109
What are the prime factors of 145414?
2, 72707
What are the prime factors of 8569?
11, 19, 41
List the prime factors of 2529.
3, 281
List the prime factors of 97369.
97369
List the prime factors of 18477.
3, 2053
What are the prime factors of 7341?
3, 2447
List the prime factors of 51200.
2, 5
What are the prime factors of 9682?
2, 47, 103
List the prime factors of 1209.
3, 13, 31
What are the prime factors of 70?
2, 5, 7
List the prime factors of 4875.
3, 5, 13
List the prime factors of 163187.
53, 3079
List the prime factors of 1575.
3, 5, 7
List the prime factors of 1480.
2, 5, 37
What are the prime factors of 1381?
1381
What are the prime factors of 427?
7, 61
List the prime factors of 6058.
2, 13, 233
What are the prime factors of 2464?
2, 7, 11
List the prime factors of 1150.
2, 5, 23
What are the prime factors of 1907?
1907
What are the prime factors of 569?
569
What are the prime factors of 2224?
2, 139
List the prime factors of 43.
43
What are the prime factors of 23590?
2, 5, 7, 337
What are the prime factors of 1680?
2, 3, 5, 7
List the prime factors of 2088.
2, 3, 29
List the prime factors of 15586.
2, 7793
List the prime factors of 20271.
3, 29, 233
What are the prime factors of 54635?
5, 7, 223
What are the prime factors of 3894?
2, 3, 11, 59
What are the prime factors of 32462?
2, 16231
List the prime factors of 14941.
67, 223
What are the prime factors of 10597?
10597
What are the prime factors of 18277?
7, 373
List the prime factors of 2419.
41, 59
List the prime factors of 12370.
2, 5, 1237
List the prime factors of 970.
2, 5, 97
What are the prime factors of 1299?
3, 433
List the prime factors of 9337.
9337
List the prime factors of 7367.
53, 139
What are the prime factors of 3545?
5, 709
List the prime factors of 651.
3, 7, 31
List the prime factors of 640.
2, 5
What are the prime factors of 7418?
2, 3709
List the prime factors of 5934.
2, 3, 23, 43
List the prime factors of 107206.
2, 11, 443
List the prime factors of 8061.
3, 2687
What are the prime factors of 1948?
2, 487
List the prime factors of 4321.
29, 149
List the prime factors of 1371.
3, 457
List the prime factors of 20176.
2, 13, 97
List the prime factors of 20605.
5, 13, 317
List the prime factors of 7151.
7151
What are the prime factors of 71388?
2, 3, 661
What are the prime factors of 2185?
5, 19, 23
List the prime factors of 595.
5, 7, 17
What are the prime factors of 7659?
3, 23, 37
List the prime factors of 41363.
7, 19, 311
What are the prime factors of 859?
859
List the prime factors of 18441.
3, 683
What are the prime factors of 37?
37
What are the prime factors of 3361?
3361
List the prime factors of 2338.
2, 7, 167
List the prime factors of 23977.
23977
List the prime factors of 2588.
2, 647
List the prime factors of 2214.
2, 3, 41
What are the prime factors of 62311?
62311
What are the prime factors of 2836?
2, 709
What are the prime factors of 536?
2, 67
List the prime factors of 595.
5, 7, 17
What are the prime factors of 8174?
2, 61, 67
What are the prime factors of 1606?
2, 11, 73
List the prime factors of 18411.
3, 17, 19
What are the prime factors of 83233?
83233
List the prime factors of 90396.
2, 3, 31
List the prime factors of 4831.
4831
What are the prime factors of 4958?
2, 37, 67
What are the prime factors of 232?
2, 29
What are the prime factors of 2523?
3, 29
What are the prime factors of 5498?
2, 2749
List the prime factors of 3518.
2, 1759
What are the prime factors of 48400?
2, 5, 11
List the prime factors of 3116.
2, 19, 41
List the prime factors of 62715.
3, 5, 37, 113
List the prime factors of 36776.
2, 4597
What are the prime factors of 535?
5, 107
List the prime factors of 8149.
29, 281
What are the prime factors of 679?
7, 97
List the prime factors of 15768.
2, 3, 73
What are the prime factors of 76282?
2, 43, 887
List the prime factors of 3816.
2, 3, 53
List the prime factors of 607.
607
List the prime factors of 83722.
2, 41, 1021
What are the prime factors of 1931?
1931
List the prime factors of 3343.
3343
List the prime factors of 1369.
37
List the prime factors of 1865.
5, 373
What are the prime factors of 16507?
17, 971
List the prime factors of 1531.
1531
List the prime factors of 6828.
2, 3, 569
List the prime factors of 390.
2, 3, 5, 13
What are the prime factors of 65504?
2, 23, 89
What are the prime factors of 22126?
2, 13, 23, 37
List the prime factors of 64149.
3, 21383
What are the prime factors of 81293?
81293
List the prime factors of 121583.
7, 11, 1579
What are the prime factors of 1805?
5, 19
What are the prime factors of 4438?
2, 7, 317
List the prime factors of 32568.
2, 3, 23, 59
What are the prime factors of 6843?
3, 2281
List the prime factors of 70.
2, 5, 7
List the prime factors of 972.
2, 3
List the prime factors of 12139.
61, 199
What are the prime factors of 782?
2, 17, 23
What are the prime factors of 111498?
2, 3, 18583
What are the prime factors of 31711?
19, 1669
List the prime factors of 6604.
2, 13, 127
List the prime factors of 30640.
2, 5, 383
What are the prime factors of 27730?
2, 5, 47, 59
What are the prime factors of 10383?
3, 3461
What are the prime factors of 35521?
35521
What are the prime factors of 133083?
3, 31, 53
What are the prime factors of 468?
2, 3, 13
What are the prime factors of 28462?
2, 7, 19, 107
List the prime factors of 663.
3, 13, 17
List the prime factors of 6997.
6997
What are the prime factors of 3032?
2, 379
List the prime